 - 2 + 230*l. What is t(-4)?
6
Let h(c) = 34*c - 762. Let d(l) = -27*l + 613. Let m(z) = -11*d(z) - 9*h(z). Calculate m(9).
34
Suppose -796 = 181*o - 2402 - 1471. Let v(g) = g**2 - 20*g + 49. Calculate v(o).
-2
Let t(y) = -y**2 - 24*y - 25. Let n(s) = -2*s**2 - 48*s - 49. Let x(c) = 2*n(c) - 5*t(c). Give x(-22).
-17
Let s(i) = -17*i**2 - 8*i - 5. Let t(k) = -11*k**2 - 5*k - 3. Let b(x) = 5*s(x) - 8*t(x). Suppose 408 = 4*o + 5*r, 2*r = r. Let w = -103 + o. Give b(w).
2
Let i(n) be the first derivative of -2*n**2 - 131*n + 1834. Determine i(-37).
17
Let x(s) be the third derivative of 3*s**6/40 - s**5/30 + s**4/6 + 3*s**3/2 - 6*s**2 - 57. Calculate x(-2).
-79
Let u(n) = -n. Suppose 5*c + 4*b = 1 - 57, -21 = 2*c + 3*b. Let q = c - -19. Suppose -d + q*d = 6. Give u(d).
-1
Let o(b) = -b. Let w be 1/(-2) - (-6)/4. Let s(t) = 2*t + 3. Let q(l) = w*s(l) + o(l). Suppose -5*j = -k - 16, -2*j - 4*k + 1 = -1. What is q(j)?
6
Let a(v) = v**2 + 175*v + 180*v - 543*v - 2 - 2 + 182*v. Let r = -27 - -29. Suppose 10 = r*i - 2. Determine a(i).
-4
Let k(y) = 2 - y - 4 - 1. Let n(u) = 1941*u - 9693. Let s be n(5). Determine k(s).
-15
Let q(f) = 10*f + 43. Suppose 4*z - 11 = 5*b, 0 = -2*b + 82*z - 84*z - 26. What is q(b)?
-27
Let n(s) be the second derivative of -s**5/20 - 3*s**4/2 - s**3/6 - 11*s**2/2 + 1456*s + 2. Give n(-18).
7
Let a(m) be the first derivative of -m**4/24 + m**3/2 - 32*m**2 - 123. Let b(x) be the second derivative of a(x). Give b(8).
-5
Suppose 24*b - 28*b - 32 = -5*w, -9*w + 5*b + 73 = 0. Let g(j) = 4*j**2 - 46*j - 24. What is g(w)?
0
Let t(w) = -w**3 + 31*w**2 - 60*w + 4. Suppose 2*v - 26 = -5*l, -5*v = -46*l + 44*l - 36. Calculate t(l).
0
Let k(f) be the first derivative of f**5/20 + f**4/3 - 5*f**3/3 - 4*f**2 + 235*f - 20. Let m(q) be the first derivative of k(q). What is m(-6)?
-20
Suppose 35 = -12*f + 83. Let r(t) be the first derivative of 1/2*t**2 + 1/3*t**3 + f*t + 1. Calculate r(0).
4
Let a(n) = -n**3 - 5*n**2 + n - 7. Let w = 335 - 330. Suppose 6 - 46 = 4*y. Let j = w + y. Determine a(j).
-12
Let w(c) = -9*c**3 - 5*c - 2*c + 5*c**2 + 8*c**3 + 2. Let v be w(3). Let y(o) = -11*o**2 - o. Calculate y(v).
-10
Let k(w) = -97*w**2 - 38*w + 59. Let d(r) = 57*r**2 + 23*r - 36. Let s(x) = 17*d(x) + 10*k(x). Calculate s(4).
6
Let h(o) = -23*o**3 - 2*o**2 + 6*o - 3. Let j(c) = -c**3 - c**2 + 2*c - 1. Let x = -140 + 142. Let y(d) = x*j(d) - h(d). Calculate y(1).
20
Let y(l) = -l**3 - 4*l**2 + 3. Suppose -22 = -2*b + 24. Suppose -b = -s - 3. Let j be (3 + 0)*s/(-15). What is y(j)?
3
Suppose -4*g + 28 = 1319*o - 1323*o, 2*g = -4*o - 10. Let r(p) = -22*p - 81. Determine r(o).
7
Let k(u) = -u - 2*u - 2*u**3 - 3 + u**3. Let y = -110663 + 110660. What is k(y)?
33
Let y(h) = 1 + 1 - 6 - 2*h. Let t be (-8)/(-6)*(-12)/(-4) - 2. Suppose 2*u + 7*o = 10*o, 0 = -3*u + t*o - 10. Determine y(u).
8
Let g(n) be the third derivative of -n**6/120 - n**5/15 + 5*n**4/24 - n**3/3 - n**2. Let s = 218644 + -218649. Determine g(s).
-2
Let g(w) be the second derivative of 1/2*w**2 + 1/20*w**5 - 7/12*w**4 + 2 + 3*w + w**3. Calculate g(6).
1
Let h(g) be the first derivative of 2*g**3/3 - 3*g**2 - 3*g + 2. Suppose 3*b - 7 = 5*z, 2*b = 2*z + 2*z + 4. Let m be (z/(-2))/(10/(-100)). What is h(m)?
17
Let z(u) = -u**3 + 9*u**2 + 11*u - 9. Let y be z(10). Let x(b) = -17*b + 5*b + 19*b - y. Suppose 0*h - 3*h - 3*w - 18 = 0, 4*h - 4*w - 8 = 0. Determine x(h).
-15
Let r(q) = -q**3. Let l(j) = -27*j + 25*j - 26 - 18 + 2. Let f be l(-22). Suppose -f*h + 4*u + 2 = 0, 5*u - u = -2*h + 2. Determine r(h).
-1
Let c = 169 + -164. Let y(p) = -p**3 + 6*p**2 - 4*p. Let f be y(c). Let g(i) = -i**2 + 4*i + 5. Calculate g(f).
0
Let m(c) = -2*c**3 + 57*c**2 - 30*c + 2. Let r(s) = 2*s**3 - 58*s**2 + 31*s - 2. Let u(p) = 5*m(p) + 4*r(p). Determine u(26).
2
Let q be 16/72 - ((-440)/1260 + (-4)/(-7)). Let a(h) be the third derivative of 1/60*h**5 - 13*h**2 + 1/3*h**3 - 1/6*h**4 + 0*h + q. What is a(3)?
-1
Let h = -215 + 208. Let a(w) = -3*w**3 - 8*w**2 - 9*w - 1. Let l(p) = 10*p**3 + 24*p**2 + 27*p + 4. Let s(c) = 7*a(c) + 2*l(c). Give s(h).
15
Suppose 2*r - 21 = -5*h, h + 15 = r + 5*h. Let v(x) be the first derivative of x**3/3 - x**2/2 - 3*x - 6350. Give v(r).
3
Let t(q) = -q**3 + 10*q**2 + 11*q + 11. Suppose -5*w + 16 = -a, 2*a - 3*a = -3*w + 8. Let o be (2/(-4)*22)/(3 - w). What is t(o)?
11
Let m(j) = 11*j - 11. Let l(d) be the first derivative of -d**2/2 + d - 231. Let y(w) = -14*l(w) - 2*m(w). Give y(6).
-40
Let f(w) = -3*w**2 + 6*w + 3. Suppose 3*m - 5*o + 1 = 5*m, 4*m - 17 = 5*o. Give f(m).
-6
Let c = -6 - -7. Let q(g) = 10591 - 21189 + 10598 - 7*g**2. Calculate q(c).
-7
Let h(t) = 167*t**2 - 10*t - 2*t**3 - 352*t**2 + 185*t**2 + 3*t**3 - 4. Give h(-4).
-28
Let g(h) = 15*h**3 + 12*h**2 + 12*h - 1. Let f(q) = 13*q**3 + 10*q**2 + 10*q. Let j = -583 - -576. Let x(s) = j*f(s) + 6*g(s). Determine x(4).
-30
Let l(b) = -12*b**2 + b + 1. Let t(m) = -25*m**2 + 26*m + 40. Let i(w) = -2*l(w) + t(w). Calculate i(22).
82
Suppose 2*p = 5 - 1, 76 = 3*b + 2*p. Let o = -27 + b. Let m(t) = -t**2 - 4*t - 1. Give m(o).
2
Suppose -15 = -2*i + 5*w, -4*i - 73 = 4*w - 61. Let m be 7*(-4 - -5) + i. Let d(q) be the first derivative of q**2/2 - 10*q - 1. What is d(m)?
-3
Let s(r) = -41*r - 7. Let d(y) = 52*y + 8. Let p(x) = -3*d(x) - 4*s(x). Calculate p(5).
44
Suppose -8*r = 151*r + 795. Let o(f) = 41*f + 207. Calculate o(r).
2
Let a(f) be the first derivative of 2*f**2 + 159*f + 4439. Give a(-41).
-5
Let k(y) be the third derivative of -y**6/120 - y**5/10 + y**4/24 + 11*y**3/3 - 981*y**2. What is k(-6)?
16
Suppose -4*c + 2 + 26 = 0. Let v(o) = 3*o - 26. Let u be v(c). Let b(m) = -m**2 - 5*m. Calculate b(u).
0
Suppose 0 = -4*n + 3*d + 4, 11 - 6 = 5*n + 4*d. Let r(k) = k - n - 10*k**2 + 5*k**2 - 8*k**2 + 0*k**2. Suppose -6*a = -a - 5. Determine r(a).
-13
Let g = 8 - 13. Let w(r) = 29*r - 183. Let b(c) = -18*c + 116. Let j(u) = 8*b(u) + 5*w(u). Determine j(g).
8
Let u(i) be the second derivative of i**7/840 + i**6/120 - i**5/40 + i**3/3 + 11*i**2/2 - 4*i. Let g(v) be the second derivative of u(v). Determine g(-4).
-4
Let u(w) = w**2 - 3 + 5*w - 2*w - 6*w. Let t = 3616 - 3612. Give u(t).
1
Suppose -2*h = 4*r - 10, 0*r - 11 = -5*r - h. Let o(g) = 2*g**2 - g**r - 1 + 1 - 2. Let f be (-40)/12 - 2/(-6). Determine o(f).
7
Suppose 0 = 187*z + 416 + 2950. Let q(f) = -f**3 - 20*f**2 - 39*f - 55. What is q(z)?
-1
Let w(a) = -a**2 - 8*a - 2. Let p = 41 - -418. Let g = -464 + p. What is w(g)?
13
Let r(g) = g**2 - 18*g - 59. Suppose -2*s - 819 = -861. Determine r(s).
4
Let j(f) = -2*f + f**3 + 2*f + f. Suppose -9 = -1190666*t + 1190675*t. Determine j(t).
-2
Let o(u) = -198 - 180 - u**2 + 3*u**2 - 3*u**2 + 376. Let v be (6 - 12/(-3)) + -4. Suppose -2*r + 0 = -v. Determine o(r).
-11
Let n be -22 + 7 + (39 - 21). Let a(h) be the third derivative of 0*h**5 + 2*h**2 + 1/8*h**4 - 1/120*h**6 + 0 + 1/6*h**3 + 0*h. Determine a(n).
-17
Let a(i) = -13*i + 323. Let z(v) = 106*v + 2357. Let m be z(-22). Determine a(m).
-2
Let r(w) be the second derivative of -w**3/6 + 7*w**2/2 + w. Suppose -8*y - 92 = -44. Let c be ((-16)/y)/(4/18). Give r(c).
-5
Let l = 783 - 772. Let s(h) = 11 - 18*h - l + 21*h. Give s(-4).
-12
Let h(u) be the first derivative of -u**3/6 + u**2/2 - 43*u + 16. Let g(r) be the first derivative of h(r). Give g(5).
-4
Let h(q) = q**2 - 15*q - 41. Let r(t) = -91*t + 472. Let m be r(5). What is h(m)?
-7
Let h = -51 - -56. Suppose -2*j - 6 = 2*t - 2, -h*t = 2*j - 5. Let q(m) = 4*m - 5*m + m**3 - t*m**2 + 4*m. Calculate q(3).
9
Let k be (-46)/(-6) - (-4)/(-6). Let q(m) = -2*m - 7 + 4*m**2 + k + 1 + m**3. Let s = -62197 + 62193. Determine q(s).
9
Suppose 3*v - 14 + 1 = -5*h, 0 = h - 2. Let x(i) = 5*i + 8*i**2 - 4*i**2 - 6 - 2*i + v + 2. Determine x(2).
19
Let g(m) be the first derivative of -m**4/4 + 12*m**3 - 18*m**2 + 34*m - 3355. Calculate g(35).
-1
Let p = -3752 + 3754. Let o(v) = v**2 + v + 1. Give o(p).
7
Let d(o) = -o**3 - 7*o**2 + 3*o + 23. Let w be 2/(-15) + (10*-1 - 1550/(-375)). Determine d(w).
-31
Let r(n) = 2*n**3 + 36*n**2 - n - 21. Let k be r(-18). Let g(s) = -104*s + 25. Let p(d) = 167*d - 38. Let y(u) = -8*g(u) - 5*p(u). Determine y(k).
-1
Suppose 4*r - 45 + 10 = -5*i, 2*r + i = 19. Suppose 5*g + 9*q - 5*q = r, 4*g = 